 of 75/2*2 + k/(-4)?
3, 5
Suppose -3*k + 3*k = -k. Suppose -5*b = a - 7, 2*b - 13 = -k*b + 3*a. Suppose 5*u + n = 46, -3*u = 2*u - b*n - 43. List the prime factors of u.
3
Suppose 3*o + 5 = 14. Suppose -o*n + 15 = 2*n. Suppose -4*a - 3*c = -4*c - 338, c = n*a - 253. List the prime factors of a.
5, 17
Let j(q) = -144*q - 150*q + 2*q**2 + 295*q + 10. Suppose -3*s = 4*n - 2*n - 30, 41 = 4*s + 3*n. What are the prime factors of j(s)?
2, 73
Let k(s) = -s**2 - 7*s. Suppose -58 + 51 = u. Let x be k(u). Suppose h - 5*h + 2*b + 384 = x, h - 90 = 2*b. What are the prime factors of h?
2, 7
Let j(q) be the second derivative of -q**3/3 + 45*q**2 + 2*q. Let k = 46 - 46. What are the prime factors of j(k)?
2, 3, 5
Let d(t) = -t**2 + 3*t + 4. Let b be d(0). Suppose 2*u - 155 = -n - 42, b*n - 278 = -5*u. List the prime factors of u.
2, 29
Let v(x) = 822*x + 11. Let k(d) = 7. Let a(y) = k(y) - v(y). What are the prime factors of a(-1)?
2, 409
Suppose -201352 = 18*q - 708880. List the prime factors of q.
2, 7, 19, 53
List the prime factors of ((-258)/(-8))/(48*9/814464).
2, 7, 43, 101
Suppose 29*u + 222735 = 579983 + 824473. What are the prime factors of u?
3, 17, 47
Suppose -10*d + 14*d = -u + 21673, 3*d + 4*u = 16258. Suppose -157*l + 164*l - d = 0. What are the prime factors of l?
2, 3, 43
Suppose -5*y = -1288 - 8212. Let s be 2/(-10) - y/(-125). What are the prime factors of 18/15*s/6*9?
3
Let c = 45761 + -13486. What are the prime factors of c?
5, 1291
Suppose -17*n = -223661 - 186379. What are the prime factors of n?
2, 3, 5, 67
Suppose -3385816 = 217*f - 11826465. List the prime factors of f.
97, 401
Suppose j - b + 1 = 0, -2*j = -4*b + 6*b - 14. Suppose -n = -a + 439, -j*a - 2*n = -783 - 534. List the prime factors of a.
439
Let z = 59 - 98. What are the prime factors of 13/(z/(-636)) + 3?
5, 43
Suppose -218*b = 100*b - 26411172. List the prime factors of b.
2, 131, 317
Suppose -282 = 75*c - 81*c. Let j(q) = q**2 - 21*q - 97. List the prime factors of j(c).
3, 5
Let a(g) be the second derivative of -295*g**3/6 + 83*g**2/2 - g + 8. What are the prime factors of a(-3)?
2, 11
Let l(v) = v**2 + 2*v + 51. Let b(a) = 3*a - 15. Let h(o) = o - 1. Let y(p) = -b(p) + 4*h(p). Let u be y(-11). What are the prime factors of l(u)?
3, 17
Let a(u) = 11*u**2 + 36*u + 44. Let h(z) = -13*z**2 - 35*z - 46. Let g(f) = -6*a(f) - 5*h(f). What are the prime factors of g(-23)?
2, 5, 19
Let q = 536 - 809. Let i = q - -577. List the prime factors of i.
2, 19
Suppose -4*l = 5*y - 359, -38*l + 4*y = -39*l + 76. What are the prime factors of l?
2, 3
Let m = -6365 + 25637. What are the prime factors of m?
2, 3, 11, 73
Suppose 5*b = -5*b + 40. Suppose 4*j = b*m + 12, -3*j + 13 = -m - 3*m. What are the prime factors of j*(-8)/(-14) - (-1436)/14?
2, 3, 17
List the prime factors of (-864)/12*41140/(-102).
2, 3, 5, 11
Suppose 3*j + 25 = -2*j, 0 = -2*q - j + 1099. Suppose 2*h + q = -5*o - h, 2*o + 225 = 3*h. Let u = o + 158. What are the prime factors of u?
47
List the prime factors of 1512/(11/(25 - 14)).
2, 3, 7
What are the prime factors of 1 + -2 + (106491/(-42))/(3/(-42))?
2, 3, 17, 29
Let y = 1715 + 19787. List the prime factors of y.
2, 13, 827
Suppose 2*a - 58402 + 15228 = 0. List the prime factors of a.
21587
Let n(o) be the second derivative of o**5/20 - 7*o**4/6 - 3*o**3/2 - 16*o**2 - 13*o. Let l be (-35)/70*((-60)/1)/2. List the prime factors of n(l).
2, 29
Let o(w) = 46 + 51 - 7*w**2 - 148 + 58 + w**3. Let f be o(7). Suppose f*k - 2033 = -423. What are the prime factors of k?
2, 5, 23
Suppose -5*s = 5*m - 91155, 3*s - 2*m - 17356 = 37332. What are the prime factors of s?
2, 5, 1823
Suppose 80*l - 76*l = 2*p - 18608, 0 = -4*l - 8. What are the prime factors of p?
2, 3, 5, 31
Let s(a) = 7*a - 4. Let k be s(2). Suppose 4*t = k*t - 282. Let j = t - -31. What are the prime factors of j?
2, 3, 13
Let o(r) = 3340*r**3 + 4*r**2 - 35*r + 87. List the prime factors of o(3).
2, 3, 5011
List the prime factors of (1175370/266)/3 + 2/19.
3, 491
Let w be 5*(-6 + (0 - -3))*-5. Let u = w + 85. Suppose 5*t - 15*t = -u. What are the prime factors of t?
2
Let w = -42618 + 72752. List the prime factors of w.
2, 13, 19, 61
Let s(j) = -j**3 + 2*j**2 + 4. Let u be s(5). Let f = u + 101. What are the prime factors of 28/(-6)*f/(-7)?
2, 5
Suppose 2068 = -26*i + 66. Suppose 2*p - 3*p + 4 = 0, 3*p = -5*a + 702. Let l = i + a. List the prime factors of l.
61
Suppose -11390064 + 6640314 - 9691086 = -228*g. List the prime factors of g.
63337
Let j be (-4)/(6/(-4)*(-60)/(-45)). Suppose 9*m + 3*f - 1890 = 4*m, 4*m - 1514 = -j*f. What are the prime factors of m?
3, 127
Let l(g) = 164*g - 191. Let z be l(7). Let o = -772 + z. List the prime factors of o.
5, 37
Let x = -1417 - -5305. Suppose 0 = 4*h - 3*m - 5601, -3*h + x + 304 = -4*m. What are the prime factors of h?
2, 3, 13
Let v = 730 + -446. Let p = v + -26. What are the prime factors of p?
2, 3, 43
Suppose -1043 = 3*b + 7. List the prime factors of (90/4)/((-25)/b).
3, 5, 7
Let j(z) = -709*z - 1663. What are the prime factors of j(-47)?
2, 5, 1583
Let g = 79 - 46. Let q = 43 - g. Suppose l - 19 - q = 0. What are the prime factors of l?
29
Let z(x) = -2*x**3 + 6*x**2 + 4*x - 12. Let q be z(5). List the prime factors of (-58)/(-8)*(14*q)/(-7).
2, 23, 29
Let m(w) = -w**3 + 11*w**2 + 6*w + 105. Let a be m(18). Let x = a + 2937. List the prime factors of x.
2, 3, 7
Suppose -3*u = 3*m - 15683 - 59512, -5*m + 3*u = -125277. What are the prime factors of m?
3, 8353
Let g be (-10)/(-5) - (-9 - -4). Let b(v) = 32*v**2 + 2*v - 34. List the prime factors of b(g).
2, 3, 43
Suppose 4*j = 16, 5*l - 7964 - 829 = 3*j. Let a(u) = u**2 - 2*u - 2. Let q be a(4). What are the prime factors of q/(-48) - l/(-8)?
2, 5, 11
Suppose -5*d + 11 = -2*k - 2, k = -3*d - 1. Let b(l) = -44*l + 24. List the prime factors of b(k).
2, 5
Suppose 2*h = o - 22137, -1344*o - 44274 = -1346*o - h. What are the prime factors of o?
3, 47, 157
Let f(w) = -w**2 + 2*w + 13. Let b be f(0). Let d(c) = -c**3 + 14*c**2 - 10*c - 10. Let k be d(b). Let a = k - -35. List the prime factors of a.
2
Let y(z) = -z**3 - 27*z**2 + 57*z + 1. Let a be y(-29). Suppose -5*v + a = 15. Suppose 3*o + 2 = o, -3*w - v*o + 279 = 0. List the prime factors of w.
2, 47
Suppose 4*b + 4*g = 3 + 1, -3 = b + 3*g. Suppose -j + 8*k - b*k + 567 = 0, 0 = 5*j + 3*k - 2835. Let i = j + -300. List the prime factors of i.
3, 89
Suppose -n = -4 + 1. Let q(b) = -82*b**2 + 21*b**3 + 83*b**2 + 4*b - 18*b**3. List the prime factors of q(n).
2, 3, 17
Suppose 6*d - 3*n = 3*d + 53238, -4*d = 2*n - 70984. List the prime factors of d.
2, 19, 467
Let k be (-14)/(-35) - 34/10. Let l be (-1)/k*6*1. Suppose -y = b + l*y - 27, 3*b - 3*y = 93. What are the prime factors of b?
2, 3, 5
Suppose -h = -2*j + 380, -504 = -4*j - 5*h + 270. Suppose 139 = 3*q - j. Let p = 149 - q. List the prime factors of p.
3, 13
Let n = -5384 - -5390. Suppose 0*k + 56 = 4*k. Suppose -n*h + k*h - 992 = 0. List the prime factors of h.
2, 31
Suppose -250*x + 239*x = -107426. What are the prime factors of x?
2, 19, 257
Let d be 0 + 0 - (17 + -1). Suppose 35*o + 16*o = -2295. Let j = d - o. What are the prime factors of j?
29
Suppose y + 0*z + 2*z = 2, 5*y + 5*z - 10 = 0. Let h(c) = 4 + 17*c - 24*c + 7*c**y - 6*c**2. What are the prime factors of h(13)?
2, 41
Let r be -4 - (-7 + 7 + 413). Let j = 463 + r. What are the prime factors of j?
2, 23
Let i(y) = 7*y**2 + 102*y + 1310. List the prime factors of i(79).
3, 5, 131
Let x be (61/(-2)*-1)/((-2)/(-12)). Suppose -3*b - 2*u = -x, 2*u + 53 = -0*b + b. Let m = 177 - b. What are the prime factors of m?
2, 59
Let t(j) = -10*j**3 + j**2. Let n be t(1). Let s(a) = 2*a + 30. Let c be s(n). Suppose o - c*o + 693 = 0. What are the prime factors of o?
3, 7
Suppose -r + 11 = -5*z, -2*z + 16*r - 13*r - 7 = 0. What are the prime factors of 90/(-3)*z*(-123)/(-9)?
2, 5, 41
Suppose -681*d + 666*d + 121230 = 0. List the prime factors of d.
2, 3, 449
Let w = -63 + 63. Suppose w = 5*m + 9*m - 42. Suppose -163 = -m*f + 74. What are the prime factors of f?
79
Let i(j) = 10*j**2 - 21*j + 5. Let g be i(5). Suppose 678 - g = 8*s. List the prime factors of s.
2, 3, 11
Let c be (3 + -3)/((-4)/(-4)). Suppose 3*o + o - 12 = c. Suppose -s = -4*s - 15, o*m = -